-34 - -29) + (0 - (0 + -11))?
6
What is 6 + (4 + -6 - 6) + -1?
-3
Evaluate -7 - (-16 - ((6 - 7) + 0)).
8
What is -6 + 3 - (1 + -2) - 2?
-4
Calculate (-1 - 0) + (2 - (5 - 2)).
-2
Calculate 0 + -4 + 3 + 2 + -4.
-3
Calculate (0 - -3 - 2) + -5.
-4
-16 + (6 - -1) + 7
-2
Evaluate 62 + -56 + (-8 - -2).
0
Calculate (-15 - -10) + -1 + 2.
-4
What is the value of -9 + -2 - (-1 + 8 + -9)?
-9
Evaluate 3 - ((5 - 0) + (-1 - 1)).
0
What is -6 + (21 + -5 - 3) + -6?
1
What is 3 + -6 - -5 - 1 - 2?
-1
Calculate (-5 - -5) + 2 + -2 + 1.
1
-1 - 0 - (118 - 112)
-7
What is 1 - (-2 - -2 - 5)?
6
What is 7 - ((-1 - -5) + -2 - 1)?
6
What is (7 - 7) + -9 - -12?
3
Evaluate -11 - (-5 - (6 - 3)).
-3
1 + -4 + (-7 - -7)
-3
Evaluate 6 + (-1 - (-1 - -4)).
2
Calculate -3 - (9 + -9 - (6 - 0)).
3
What is -2 - (0 + (2 + -2 - -4))?
-6
What is 3 - ((-4 - (3 - 6)) + 0)?
4
Evaluate -5 + -2 - (-16 + 11).
-2
-4 + 4 + -7 + 3
-4
What is 3 - (0 - ((-6 - -1) + 3))?
1
What is -2 - (-6 - (6 - 6))?
4
9 - (-2 - -6) - 9
-4
What is -8 + (-5 - -19) + 0?
6
Evaluate 0 + 2 + -6 + -1.
-5
What is the value of 6 - (1 - -1) - 4?
0
Evaluate (-1 - 1) + (-4 + -2 - -3).
-5
What is -3 - -5 - 3 - -3?
2
What is -9 - (6 + -12 + 1)?
-4
What is the value of 4 + 1 + -2 + -7?
-4
What is the value of 4 + 5 + -5 + -2?
2
What is the value of -2 + 2 + (6 + -5 - 4)?
-3
What is the value of -6 - -11 - (-2 + 2)?
5
Evaluate -4 + -3 + 2 + -2 - -2.
-5
What is 0 + (10 - 13) + 14?
11
Evaluate -2 + (-3 - -1) - (-4 + -4).
4
Evaluate 11 + (-10 - -6) + -2 + 3.
8
What is -7 - (-6 - -3) - -1?
-3
(-4 - 0) + (2 - -1)
-1
What is -95 + 102 + (-2 + -2 - 0)?
3
-1 + (-3 - -8) - 9
-5
Calculate 12 + 3 + 7 + -17.
5
What is 23 - (5 + 8) - 12?
-2
Calculate 8 - (0 + -1 + 27 + -21).
3
What is the value of (-9 - -5) + 7 + -4?
-1
Calculate (0 - (1 - -3)) + 1.
-3
Evaluate -13 - -19 - (-1 - -4).
3
Evaluate 1 - -6 - (4 - -2) - 4.
-3
Evaluate -1 + -6 + (1 - (-4 - -8)).
-10
What is 7 + -11 - -11 - 5?
2
Evaluate (8 - (-5 - -12)) + 0 + 0.
1
Calculate (9 - (5 - -3)) + 7.
8
Evaluate (71 - 74) + (-6 - -2).
-7
What is the value of (-4 - -12) + -8 - -2?
2
Calculate -5 - 3 - (5 - 18).
5
What is -3 + 4 + 11 + -5?
7
Evaluate -3 + -6 + 3 + 3.
-3
What is the value of (0 - -8) + (4 - (-14 - -28))?
-2
What is (-5 - 2) + (6 + -8 - -9)?
0
What is the value of -89 + 92 - (1 + 1)?
1
Evaluate -1 + -10 - -4 - -5.
-2
Calculate (1 - -11) + -10 + -2.
0
What is -4 - (13 + -6 + -5)?
-6
Evaluate -6 + -6 + 6 - -2.
-4
(1 - 6 - -3) + 7
5
Calculate -5 - -5 - (-1 + 0).
1
What is the value of 9 + -12 + 3 + 2?
2
What is 7 + -6 + 2 - 3?
0
Evaluate -6 + 4 - 5 - -8.
1
Evaluate 1 + (2 - (-1 + 9)).
-5
Calculate 172 + -169 - (1 - -10).
-8
What is -9 + 0 + 20 + -16 - -4?
-1
Calculate 10 - (5 + (1 + -6 - -7)).
3
Calculate -9 + 17 + (-10 - -3).
1
What is the value of 0 + 5 + 0 - 6?
-1
Evaluate -8 - -4 - 6 - (17 + -19).
-8
0 + (-7 - -6 - -4)
3
Calculate -4 - (-14 + -4 + 8) - 6.
0
Calculate -9 + 7 + -13 - -6.
-9
(4 - (1 - 6)) + -13
-4
13 - 8 - (-2 + 5)
2
Calculate (-2 - (-3 + -1)) + (-1 - 3).
-2
Calculate 3 + (-1 - (4 + -6)) + -3.
1
Evaluate 1 + 3 - (-3 - (-1 + -4)).
2
What is 3 + -2 + -3 + 4?
2
What is the value of (-12 + 6 - -12) + -1?
5
What is 1 - 6 - (4 + -11 + 4)?
-2
Evaluate -1 - (-6 + 3 + 2).
0
What is -11 - -5 - (8 - 20)?
6
(-8 - 0) + (-3 - (-10 - -4))
-5
Evaluate -1 + 2 + -1 + 0 + 0.
0
What is 1 + -2 + -2 + 3?
0
Evaluate 1 - 4 - (-5 + 4 + 0).
-2
5 + (-4 - (-1 + -1)) + -3
0
Evaluate -9 + (-3 - (-10 - (2 + -5))).
-5
(0 - -10 - -5) + -7 + 0
8
Evaluate (0 - 6) + 6 + 5.
5
-10 + -7 + 5 + -1 + 9
-4
Evaluate 7 + (2 - 4) - 6.
-1
Evaluate 0 + 3 + 1 + -5 + 6.
5
What is the value of 0 + -1 - (98 + -106)?
7
What is -8 - (4 + (-3 - (-5 - -8)))?
-6
Calculate -4 - -1 - (-14 + 16).
-5
0 + (2 - -2) + -11 + 12
5
(4 - (-4 - -1)) + 1 - 1
7
What is the value of 4 + (-1 - -2) + 0?
5
What is (-2 - -1) + 46 + -47 + -6?
-8
Evaluate 5 - (-4 - (7 + (-6 - 4))).
6
Evaluate 27 - 20 - (-2 + 2).
7
Evaluate -3 + -2 + 1 + -34 + 32.
-6
Evaluate -2 + (0 - -2) + 6.
6
Evaluate 1 + 2 + -2 + -3.
-2
What is the value of -29 + 28 + (3 - -7)?
9
What is 0 + 2 + 9 + -12?
-1
What is the value of 3 + 0 + 5 + 1?
9
Evaluate 0 + 3 + (3 - (0 + -4)).
10
Evaluate (9 - -1) + -1 + -5 + 3.
7
-5 + -6 + 3 + 3
-5
Calculate (-3 - 0) + 7 + -3.
1
What is the value of 63 + -65 + -1 + 5?
2
Evaluate (2 - (10 + -6)) + 5 - 8.
-5
What is 0 - (2 + -2) - (-4 + 1)?
3
What is 7 - 13 - (-2 + 0)?
-4
What is -9 + -4 + 5 + 8?
0
What is (-24 - -23) + 3 + -8?
-6
What is 2 + (10 - 6) + (-1 - 2)?
3
What is the value of 6 - -1 - (15 + -14 + -4)?
10
Evaluate -11 + -4 + -2 + 7 + 2.
-8
Evaluate 0 - (9 - (-1 - 0)) - -5.
-5
Calculate 6 + -7 - (-5 - -1).
3
Calculate 2 - 2 - 11 - -6.
-5
-2 - 3 - (-13 - -6 - 0)
2
What is -3 - (4 - (-7 + 12))?
-2
What is the value of (-4 - (-7 + -9 + 6)) + -8?
-2
Evaluate 9 + (3 - 13 - -3).
2
Evaluate -2 + (7 - (10 + -2)).
-3
What is the value of 2 + (11 - (4 - (-6 + 3)))?
6
What is the value of 1 + (1 - -2) + 0 - 2?
2
What is the value of 4 + -7 + 0 + (2 - 4)?
-5
What is 6 - (1 - (6 - 7))?
4
Evaluate 5 - (3 + 7) - -3.
-2
Calculate -1 + -2 - (7 + 4 + -13).
-1
Calculate 4 - ((1 - -3) + -5 + 2).
3
What is 3 + 0 + 1 + (-2 - 0)?
2
What is the value of 5 + -9 + -1 + 5?
0
6 + -10 - (-3 + 0 + -4)
3
Evaluate -10 - (5 - 29 - -9).
5
Evaluate 1 - (4 - (1 - 1)).
-3
Evaluate 4 + (-5 - (-1 - -2)) - 4.
-6
What is -4 + 1 - ((4 - 4) + -1)?
-2
What is 3 + (-1 - 1) + (-3 - -5)?
3
Calculate -8 + (-3 - (2 - 1 - 9)).
-3
What is the value of 1 - 2 - (-7 - -10)?
-4
Evaluate 3 + -6 + 1 + 4 + -1.
1
Evaluate 3 + 1 + 4 + -5.
3
What is the value of -3 + 3 + (-3 + 2 - -1)?
0
What is the value of -3 + (2 - 2) - (258 + -267)?
6
Evaluate 6 + -1 - (-1 + 2) - 2.
2
Calculate -1 + (-4 - -2 - 2).
-5
Evaluate -4 - (5 + 2 + -8).
-3
0 + 1 + (3 - 7)
-3
Evaluate 3 + 2 + (-15 - -16).
6
-6 + (0 - (6 - 2)) + 9
-1
What is 2 + -8 + 22 + -14?
2
What is the value of -8 + (-3 - -6) + 8?
3
(-9 - -2 - (-1 - 7)) + 2
3
Calculate -14 + 4 + -9 + 13.
-6
-13 + 5 + (3 - -5 - 0)
0
What is 0 + (0 - 0) + (18 - 15)?
3
Evaluate 7 + 13 + -17 - (2 - 1).
2
-2 - (-5 + (-2 - -3))
2
What is -3 + -3 - (-4 + 0)?
-2
What is 4 + 2 - (11 - 7)?
2
Calculate (-1 - (1 - 0)) + (4 - 1).
1
Calculate 3 - (-4 - (-2 - 10)).
-5
Evaluate 11 + (-6 - -9) + -7.
7
Calculate (0 - -1) + -2 - (-1 - -1).
-1
-6 + 18 - 5 - (14 + -1)
-6
What is the value of 11 + -19 + 9 + 6 + -2?
5
(-4 - 1 - (-1 - 0)) + 4
0
1 + -6 + -1 - -3 - -7
4
What is (5 - 3) + 3 + 0 + -6?
-1
What is 1 + -7 + 4 + -2?
-4
Evaluate -2 + 9 + -2 + -3.
2
Calculate 0 - (-4 - (-2 + (-6 - -9))).
5
What is the value of 12 - -3 - (33 - 20)?
2
What is 0 - 2 - 2 - (16 - 18)?
-2
Evaluate (-3 - (-1 - -2)) + 4.
0
(0 - 4) + 18 + -18 - -4
0
What is 0 + 5 + (-5 - -2)?
2
Evaluate -4 + 9 + (-3 - -2).
4
What is the value of (1 + 11 + -6 - 10) + 6?
2
Evaluate -1 + 5 + -4 - (0 + 1).
-1
What is -3 - (-3 - (-3 + (-4 - -3)))?
-4
What is the value of -6 + -2 + (2 - -2) + 0?
-4
Calculate 33 + -18 - (1 + 14).
0
What is -8 + 1 + 13 + -5?
1
What is the value of -11 + 0 + 9 + (-1 - 1)?
-4
What is the value of -3 + (1 - (3 + -4)) + -1?
-2
What is -3 - (0 + -1 + -2 + -4)?
4
What is the value of (34 - 31) + (-4 + 0 - -1)?
0
Evaluate 1 - (-3 - (-2 + 3)).
5
Evaluate (-10 - -9) + 5 + 1 + -1.
4
What is the value of -2 - (-6 - (-6 + -5 - -4))?
-3
What is 3 + (2 - 8) + (-2 - 2)?
-7
What is -5 + (7 - 4 - 3)?
-5
-2 + 5 + (-8 - (-4 + -1))
0
What is the value of -3 - ((-3 - 3) + 6)?
-3
What is -6 + -1 - (123 + -127)?
-3
What is 1 + 3 + (5 - 10) + -3?
-4
(80 - 71) + -5 + 1
5
Evaluate (30 - 32) + (1 - -1).
0
Evaluate (-1 - (3 + -5)) + (0 - 4).
-3
What is the value of 4 + -10 - 3 - -10?
1
What is the value of 6 + (1 + 2 - (4 - -3))?
2
-6 - ((0 - (-3 + -1)) + -3)
-7
Calculate 46 - 44 - (-2 + 6).
-2
-2 + (4 - (4 + -4))
2
-5 - -4 - (5 - (2 - -1))
-3
-3 - (6 + 10 + -19)
0
Evaluate -1 + 2 - (-27 + 32).
-4
What is 14 - 7 - (-2 + 15 + -6)?
0
Calculate 6 + 7 + (10 - 29).
-6
What is the value of -6 + 5 + 3 + -4 + 5?
3
What is the value of -11 - -3 - (2 - 3)?
-7
What is (1 - -5) + -1 + -6?
-1
What is the value of 5 + -1 + (-1 - 1)?
2
Calculate (1 - 0 - -1) + 5 + -5.
2
Calculate (0 - 3) + (4 - 6).
-5
What is (4 - (-1 + 1)) + -4?
0
Evaluate (10 - (2 - -10)) + 1.
-1
Evaluate (-2 - 3) + (5 - 1).
-1
What is -2 + (-2 - (2 - (0 + 4)